what is -54301 - 21355?
-120100
In base 14, what is -242753b6 + 1?
-242753b5
In base 3, what is -11 - -1020121000012112?
1020121000012101
In base 9, what is 4 + -5702745?
-5702741
In base 3, what is -11100 - 121222120210?
-121222202010
In base 12, what is 2217a10 - -1?
2217a11
In base 4, what is 101231 + -11113023200?
-11112321303
In base 14, what is -167a9 + 29bd?
-13bca
In base 2, what is -101000000 - 1010010011001?
-1010111011001
In base 5, what is 13 + -22042142031?
-22042142013
In base 8, what is -336454301 + 0?
-336454301
In base 15, what is 42c23 - 12?
42c11
In base 7, what is -315 + -51046165?
-51046513
In base 10, what is -2559440 - 2?
-2559442
In base 13, what is 2b2b15 - -5?
2b2b1a
In base 5, what is -14130012 - -10144?
-14114313
In base 5, what is 302112 - 14132?
232430
In base 2, what is 10001010010000001101 + 101?
10001010010000010010
In base 3, what is 11202 - -10222121222102?
10222122011011
In base 6, what is 3 - -3003423355?
3003423402
In base 13, what is 1 - -334b80?
334b81
In base 11, what is 14 + 38759?
38772
In base 9, what is 6 + -351226355?
-351226348
In base 5, what is -2323344 + 143?
-2323201
In base 9, what is 12875 - -1452?
14437
In base 6, what is 502 - 340545?
-340043
In base 10, what is -154177 - -81?
-154096
In base 4, what is -1 - -13323122033011?
13323122033010
In base 14, what is -27 + 1101b81?
1101b58
In base 4, what is 21312332313 - 23?
21312332230
In base 3, what is -111212000021 - -101?
-111211222220
In base 2, what is -1100 - 11110100110101010101111?
-11110100110101010111011
In base 2, what is -1011000001101111010000100 + 1?
-1011000001101111010000011
In base 6, what is -10440050 - 41?
-10440131
In base 14, what is -856d - -30?
-853d
In base 7, what is -4 + 14020423?
14020416
In base 4, what is 1 + -101013210003?
-101013210002
In base 12, what is -5b + -105900?
-10595b
In base 11, what is -4 + -3110177?
-3110180
In base 11, what is 957 - -4465?
5311
In base 15, what is -25e20 + -10?
-25e30
In base 14, what is 216 + -8b5a9?
-8b393
In base 14, what is b97b - 2?
b979
In base 7, what is 14 - -11556666?
11560013
In base 14, what is 4 + -8252dd?
-8252d9
In base 2, what is -1001 + -11100000111110100110?
-11100000111110101111
In base 13, what is -198c87 - -138?
-198b4c
In base 6, what is -2 - 302424420?
-302424422
In base 4, what is -130 - 3231033?
-3231223
In base 10, what is 5 - 473725?
-473720
In base 11, what is 0 + -79a774?
-79a774
In base 16, what is -9c0 - 50e?
-ece
In base 7, what is 6 + -2123123406?
-2123123400
In base 4, what is 2 + -31032330011?
-31032330003
In base 3, what is -210 + -11012021221202010?
-11012021221202220
In base 15, what is 11e7 - b57?
590
In base 8, what is 60 - 3076433?
-3076353
In base 15, what is -22 - -56744?
56722
In base 14, what is 400c1279 - -3?
400c127c
In base 16, what is 141 + -38ca?
-3789
In base 11, what is 6 + 2442491?
2442497
In base 4, what is -111120332 + -21011?
-111202003
In base 8, what is -15051 + 2112?
-12737
In base 12, what is -8b847 + -481?
-90108
In base 15, what is 220319a + 2?
220319c
In base 5, what is -32 - -1441343444?
1441343412
In base 2, what is -1001011110010100 - 10000000101101?
-1011011111000001
In base 13, what is -517b664 + 9?
-517b658
In base 2, what is -10010011000100 - 1101001010000001?
-1111011101000101
In base 3, what is 10 + -11011202222021?
-11011202222011
In base 14, what is 1946 + 5d4?
213a
In base 12, what is -5 + -637121?
-637126
In base 6, what is -4404 - 120344?
-125152
In base 16, what is 2 - 113dbd4?
-113dbd2
In base 9, what is -71 + 2073184?
2073113
In base 2, what is 10101111000100110 + -1110111?
10101110110101111
In base 2, what is -111000110101110 + 1001011010?
-110111101010100
In base 4, what is -33123 + 111232?
12103
In base 14, what is a1 - 2497b?
-248ba
In base 11, what is -97a6349 + -14?
-97a6362
In base 11, what is -153 - -46409?
46266
In base 4, what is 12113333 + -111101?
12002232
In base 7, what is 2 + -1034011335?
-1034011333
In base 15, what is 0 - 27b6c?
-27b6c
In base 8, what is 1223265551 - 5?
1223265544
In base 12, what is 1 - -296308b5?
296308b6
In base 12, what is -4 + -324a06?
-324a0a
In base 16, what is -52 - 36a456?
-36a4a8
In base 9, what is -234486 - -25?
-234461
In base 9, what is -101 + 10616277?
10616176
In base 2, what is 10001001100010101 + 1000101000?
10001010100111101
In base 4, what is 20120 + 1121321?
1202101
In base 3, what is 100210210020 + -2120?
100210200200
In base 8, what is 46 - -4115676?
4115744
In base 11, what is -64430 - -142?
-64299
In base 9, what is -76565 + -1345?
-78021
In base 14, what is 69 + 42b30?
42b99
In base 7, what is 422 + -34352?
-33630
In base 14, what is 167 - -c97b5?
c993c
In base 2, what is -10001111 - -101101011011?
101011001100
In base 3, what is 1000200112002022 + -1?
1000200112002021
In base 12, what is 6b23a - 35?
6b205
In base 12, what is -18a64b5 + -3?
-18a64b8
In base 3, what is 10010101122122 - 21?
10010101122101
In base 14, what is -8849 - -1533?
-7316
In base 7, what is 123 + -3061134?
-3061011
In base 7, what is -1460132 - 35?
-1460200
In base 7, what is 340563 - -21011?
361604
In base 7, what is 404561 - -104562?
512453
In base 14, what is 5 - 778c0?
-778b9
In base 14, what is 7676829 - -1?
767682a
In base 12, what is 1b334259 - 1?
1b334258
In base 5, what is 114400 - -112413?
232313
In base 2, what is -110101111111111100 - -1100?
-110101111111110000
In base 13, what is -30 + 5c253?
5c223
In base 14, what is b4 - -2a919?
2a9cd
In base 10, what is -289685 + -20?
-289705
In base 15, what is 2009 + 7c0a?
9c14
In base 8, what is -54770630 + -5?
-54770635
In base 16, what is -27a4e8 + -5?
-27a4ed
In base 6, what is -55231101 - 13?
-55231114
In base 6, what is 31540232244 - 4?
31540232240
In base 15, what is ed9b57 + 17?
ed9b6e
In base 16, what is -ea113 + -8d?
-ea1a0
In base 10, what is 5175 - -12396?
17571
In base 11, what is -132aa4 + -1?
-132aa5
In base 10, what is 6 + 130419443?
130419449
In base 2, what is -1011 + 101001011111010001100011?
101001011111010001011000
In base 8, what is -3347 - -253276?
247727
In base 15, what is d + 1ed4?
1ee2
In base 5, what is -1 + -1222323323?
-1222323324
In base 9, what is -27 - -8570422?
8570384
In base 4, what is -2331302 - -2303202?
-22100
In base 9, what is -748 + -41124?
-41873
In base 15, what is 472 - -616?
a88
In base 6, what is 102 + -1021011425?
-1021011323
In base 15, what is 8d3d28 + 3?
8d3d2b
In base 7, what is -60620 - 11506?
-102426
In base 13, what is -815b5 + -a?
-815c2
In base 6, what is -11 - 1302531242?
-1302531253
In base 12, what is 8 - 39b545?
-39b539
In base 8, what is -753 + -216064?
-217037
In base 6, what is -5 + 5550311532?
5550311523
In base 5, what is 3331214 - -220344?
4102113
In base 13, what is -1aacb65 - -4?
-1aacb61
In base 7, what is -255 - -3004515?
3004230
In base 7, what is -1230206 - -426?
-1226450
In base 12, what is 4 + 162ab2?
162ab6
In base 5, what is 13121133300313 + 10?
13121133300323
In base 11, what is 1267408 - -4?
1267411
In base 2, what is -101110101100010110010011001 - 0?
-101110101100010110010011001
In base 4, what is 12203 + 133330220?
200003023
In base 10, what is 79868 - 685?
79183
In base 14, what is -2d583 - 1bb2?
-31355
In base 12, what is -151b59 - 0?
-151b59
In base 10, what is -929305 - 6?
-929311
In base 12, what is 254 - 21868?
-21614
In base 2, what is 11010 - -10010001010000111111?
10010001010001011001
In base 10, what is -911 + 176245?
175334
In base 12, what is -25076 + 7?
-2506b
In base 15, what is e2bb411 - -3?
e2bb414
In base 13, what is -93 - b327?
-b3ba
In base 15, what is 82 + 8560?
85e2
In base 11, what is -5740652 - -4?
-5740649
In base 3, what is 11101100 + -202021002?
-120212202
In base 5, what is 213041300 + 413?
213042213
In base 15, what is -1302ab9 - -9?
-1302ab0
In base 8, what is 37 - -1135116?
1135155
In base 13, what is 43 - 29502?
-2948c
In base 5, what is 124203031 - -2000?
124210031
In base 7, what is -2 - -3540101444?
3540101442
In base 7, what is 136534163 - 2?
136534161
In base 8, what is 447764630 - -1?
447764631
In base 12, what is 4236 - 162a?
2808
In base 16, what is 574e2 - b0?
57432
In base 16, what is c - -1ed5a1b?
1ed5a27
In base 11, what is -1118360 + -165?
-1118515
In base 11, what is 370 + -5a5157?
-5a4897
In base